git of p?
6
What is the units digit of 4/6 - ((-848)/6 - -8)?
4
Let z(u) = u**3 - 11*u**2 + u - 8. Let q be z(11). Suppose -3*l + 635 = -4*c + 235, q*l - 364 = -5*c. What is the tens digit of l?
2
Let s(n) = -n + 6. Let k be s(3). Suppose -2*o + 150 = 5*r + 3*o, 4*r - k*o = 99. Suppose -r = -2*v + 85. What is the tens digit of v?
5
Let v(n) = 2*n**2 - 7*n + 7. Let t be v(5). Let k = -19 + t. Suppose 0 = -k*r + 3. What is the units digit of r?
1
Let m be (-2)/(-4) - (-39)/(-26). Let f be 4 - m/((-1)/(-11)). What is the units digit of (48/(-10))/(f/(-75))?
4
Suppose 0 = -3*s - 3*p - 15, -5*p = 2*s - 10*p - 18. What is the units digit of (4/(-6))/(4*s/390)?
5
Suppose -2201 = -2*c + w, -16*w + 4403 = 4*c - 17*w. What is the hundreds digit of c?
1
Suppose 0 = -2*c + 3*c + 4*x - 472, -4*x = -c + 480. What is the hundreds digit of c?
4
Suppose 9*n - 7416 = 3*n. What is the thousands digit of n?
1
Suppose 0 = -2*s - n + 272 - 88, -5*n + 20 = 0. What is the units digit of s?
0
Let q(m) = -m**3 - m**2 + 8*m - 8. Let y(n) = -n**3 - 2*n**2 + 9*n - 9. Let x(w) = -4*q(w) + 3*y(w). What is the units digit of x(4)?
7
Let h(d) = 3*d**3 - 3*d**2 + 12*d + 6. What is the tens digit of h(6)?
1
Let r = 19 - -86. Suppose -2*g = -r + 11. What is the units digit of g?
7
Suppose 4*w - 2550 = 5*s, 1906 - 646 = 2*w + 5*s. What is the units digit of w?
5
Suppose -604 = 5*m + 5*n - 3*n, -m - 124 = 2*n. Let a = 199 + m. What is the units digit of a?
9
Suppose 0 = -44*v + 5214 + 3762. What is the tens digit of v?
0
Let o(f) = -4*f - 1. Let g be o(-3). Let l(j) = 3*j**2 - 17*j + 5. Let p be l(5). Let v = p + g. What is the units digit of v?
6
Suppose 0 = 3*d - i + 9, -i - 4 = -1. What is the tens digit of d/(-6) - (376/3)/(-1)?
2
Suppose -3*d = 3*w - 3474, 0 = 16*d - 21*d + w + 5802. What is the units digit of d?
0
Suppose -6*b = 4 + 8. What is the tens digit of ((-165)/(-6) - b)*(5 - 3)?
5
Let o(b) be the first derivative of -b**3/3 + 9*b**2 - 10*b + 2. What is the tens digit of o(12)?
6
Suppose 3*l = 2*l - 13. Let p = -10 - l. Suppose 4*a - p*t - 62 = 23, -3*t + 15 = 0. What is the tens digit of a?
2
Suppose 3*w - 5*a = 7154, -2*w - a - 9550 = -6*w. What is the units digit of w?
8
Suppose 0 = 41*g - 67556 - 35928. What is the tens digit of g?
2
Let y(h) = -2*h**2 + 66*h + 6. What is the units digit of y(19)?
8
Suppose 3*q - 5 = 4. Suppose -2*y = -r - q*r + 910, -r + 210 = 3*y. What is the hundreds digit of r?
2
Suppose 0 = 9*v - 18*v + 50508. What is the thousands digit of v?
5
Let k(f) = f + 16. Let g(d) = -2*d + 1. Let r be g(-4). Let v = r + -16. What is the units digit of k(v)?
9
Suppose 13*g + 16 = 14*g. Suppose -2*z - 1 = 3*k, 4*k + 12 = 4*z - g. What is the tens digit of ((-33)/(-9))/(k/(-27))?
3
Suppose 0 = -2*g - 3*s + 638, 22*g - 19*g - 968 = s. What is the tens digit of g?
2
Suppose -5*d + 130 = -5*b, d = 5*d + 3*b - 83. Suppose 217 = k - 2*h, -4*h + d = 3. What is the units digit of k?
7
Let l be (8 - -5)/(1 + 0). Let w = l - 11. Suppose w*g - 69 = -g. What is the tens digit of g?
2
Let s = 725 + -198. What is the hundreds digit of s?
5
Let m be ((-3)/6)/((-5)/30). Suppose q = m*q - 6. Suppose 4*g + 72 = q*j + 13, -3*g - 57 = -3*j. What is the units digit of j?
7
Let c be ((-5)/10)/((-2)/4). Suppose -2*d - 4*u + 18 = 2, 3*u - 15 = 0. What is the units digit of (8 + -30)/(c/d)?
4
Let d(r) = r**3 + 13*r**2 + 12*r - 10. Let a(c) = -c**2 - c - 1. Let h = 1 + -4. Let n(x) = h*a(x) - d(x). What is the tens digit of n(-9)?
1
Let n(r) = 1147*r**3 + 2*r**2 + r. Let w be n(1). What is the hundreds digit of w/9 - 10/(-45)?
1
Let i = 85 - -232. What is the hundreds digit of i?
3
Let g = 948 + -428. What is the hundreds digit of g?
5
Suppose q + 115 = 6*q. What is the tens digit of (q - 3/(-3))*(-9)/(-2)?
0
Let q = -6 - -6. Suppose q = -14*m + 12*m + 86. What is the units digit of m?
3
Let l = -191 + 665. What is the tens digit of l?
7
Let i(r) = -37*r - 12. Suppose -4*x - 29 = 3*n - 2, -13 = 3*x - 5*n. What is the units digit of i(x)?
0
Let b(m) = 4*m + 17. Let h(l) = -4*l**2 - l + 2. Let g(p) = -9*p**2 - 2*p + 4. Let z(o) = 3*g(o) - 7*h(o). Let s be z(3). What is the tens digit of b(s)?
5
Let a be (1884/(-10))/(10/(-75)*3). Suppose 0*i - 3*c = -2*i + 231, 4*i - a = -3*c. What is the tens digit of i?
1
Let x(g) = -7*g - 14. Let z be x(-3). Suppose -37 + 121 = z*i. What is the units digit of i?
2
Let k(w) = w**3 - w**2. Let b(u) = 258*u**3 + 3*u**2 - 3*u - 2. Let x(a) = -b(a) - 3*k(a). What is the hundreds digit of x(-1)?
2
Suppose -9*a + 12*a = 3114. What is the hundreds digit of a?
0
Suppose -25 = 5*b, -3*b + 2 + 0 = c. Let s = 63 - c. What is the tens digit of s?
4
Let q(p) = 6*p**3 - 2*p + 3. Let r(z) = 31*z**3 - 10*z + 16. Let m(k) = 11*q(k) - 2*r(k). What is the tens digit of m(2)?
2
Let d(y) = -3294*y**3 + 16*y**2 - y - 1. What is the tens digit of d(-1)?
1
Let r(h) = 38*h**2 + 3*h - 4. Let i = 4 - 6. What is the hundreds digit of r(i)?
1
Let u(o) = o**3 + 5*o**2 - 5*o + 1. Let p(b) = 5*b + 22. Let f be p(-12). Let z = f + 33. What is the tens digit of u(z)?
2
Let p = 36 + 203. Suppose 3*s - p - 4 = 0. What is the units digit of s?
1
What is the tens digit of (119 + -3)/(4/6)?
7
Let c(k) = k**3 + 16*k**2 - 2*k + 22. What is the tens digit of c(-8)?
5
Let x be (0 - -1)*(-7)/(-1). Suppose x*s = 3*s. Suppose -3*c + s*b + 10 = 5*b, -4*b = -2*c + 36. What is the tens digit of c?
1
Let q = -541 - -1078. What is the tens digit of q?
3
Suppose 5*u - 435 + 0 = 0. What is the units digit of u?
7
Let c = -4612 - -6909. What is the thousands digit of c?
2
Let m(w) = -3*w**3 - w**2 - 21*w + 12. What is the hundreds digit of m(-8)?
6
Let u(b) = -b**3 - 4*b**2 + b + 3. Let m be u(-3). Let h = m + 42. What is the tens digit of h?
3
Let a be 1 + -1 + -1 - 170/(-34). Let x(s) = 4*s**3 - 5*s**2 + 6*s - 15. What is the hundreds digit of x(a)?
1
Suppose 4*d = -0*d + 36. Let l = 165 + -162. Let w = d + l. What is the tens digit of w?
1
Suppose -q - 2*z - 7 = -4*z, -4*q + 3*z - 3 = 0. Suppose 5*w - 251 = -q*t, -37 = -0*w - w - 5*t. What is the units digit of w?
2
Let i be ((-13)/39)/((-2)/12). Suppose -i*s = -5*s + 108. What is the units digit of s?
6
Let n = 1233 + 1570. What is the thousands digit of n?
2
Let x = 15 + -13. Suppose -2*j = 11 + 7. What is the units digit of 14*x/(-6)*j?
2
Let p be -6 + (8/12)/((-4)/6). What is the units digit of (149 + 0)*(p + 8)?
9
Suppose -p + 180 = -107. What is the tens digit of p?
8
Suppose -3*i - 18 = 3*m, 0 = 4*m - 3*m - 1. Let l be (2/i)/(4/(-28)). What is the units digit of 4/(-6 + l) - -20?
9
Suppose -2*l = y - 2*y - 7, 8 = l - 2*y. What is the units digit of ((-61)/4)/(l/(-8))?
1
Suppose 204*g + 7266 = 218*g. What is the units digit of g?
9
Let d(w) = -w + 1. Let u be d(-3). Suppose -5*t + 3*s + 384 + 102 = 0, 0 = -u*t - 5*s + 374. What is the units digit of t?
6
Let w(b) = 479*b + 6. Let g be w(1). Let x = g + -272. What is the units digit of x?
3
Let v(a) = a**2 + 17*a + 7. Let g be v(-14). Let b = 68 + g. What is the units digit of b?
3
What is the thousands digit of (2*1/10)/(23/275195)?
2
Let y(n) = 33*n + 6. Let i be y(-1). Let q = i + 102. What is the units digit of q?
5
Let k(z) = 5*z**2 + 9*z - 11. Let i be k(5). Suppose -3*t + i = -3*l, 5*l - 212 = -4*t + l. What is the tens digit of t?
5
Suppose i + 7*i = -16. Let w be -1 + (-1)/i*4. What is the units digit of (w/(-2))/((-2)/24)?
6
Let h(l) = -l - 4. Let g be h(-7). Suppose -g*a + 0*y = 2*y - 101, 0 = 3*a - y - 89. What is the units digit of a?
1
Let f be ((-18)/(-4))/9*0. Suppose f = -r - 0 + 1. What is the tens digit of r/(8/12)*36?
5
Let x(a) = -27*a + 7. Let s be x(-2). What is the units digit of (4 - 4) + s - -1?
2
Suppose 4*a - 21 = x, 17 = -2*a + 5*x + 32. What is the units digit of a?
5
Let g(v) be the second derivative of 0 + 1/2*v**2 - 1/6*v**4 + 3/4*v**5 + 0*v**3 - 5*v. What is the units digit of g(1)?
4
Suppose 0 = 4*l + 5*r - 748, -2*r + 4 = -r. Suppose 0 = -120*f + 122*f - l. What is the tens digit of f?
9
Let m = 664 - 355. What is the hundreds digit of m?
3
Let b = 44 - 48. What is the tens digit of 3 - (b - -860)/(-4)?
1
Let y(i) = -i**2 - 8*i - 8. Let d be y(-6). Let q(o) = o. Let l be q(d). Suppose -l*v + 28 = -2*s, 0*v + 2*s - 21 = -3*v. What is the units digit